 86 + -71.
-31
Evaluate 37 + 2 + (255 - 279).
15
-10 - (5 + 31 + -30 + (-51 - -1))
34
Evaluate 2 + (-10 + 4 + 11 - 0) + -14.
-7
-32 + 6 - (-11 - -3 - 1)
-17
What is 3 + (1 + -1 - (74 - 66)) + 23?
18
Calculate 15 + -6 + (20 - 4) + -7.
18
14 + -2 + -18 - 9 - -19
4
8 + (-6 + 1 + 13 - (-5 - -8))
13
What is the value of -2 - (12 - (12 + (-8 - -11)))?
1
What is the value of -7 + -7 + (6 - -6)?
-2
Evaluate 9 + (-31 - -58) + -48.
-12
-7 + 28 + 8 + -24
5
What is the value of (8 - (-6 - -5 - -5) - 1) + -1?
2
What is 0 - (0 + -15 + 7 + 17 + 0)?
-9
-1 - (-8 + 2) - (-197 - -194)
8
9 - (5 + (-9 - -4)) - 5
4
What is -1 - (-5 + (8 - -2 - (6 - 7)))?
-7
Evaluate -3 + (14 - (5 + -5 + -4 - 3)).
18
What is 0 + 2 + 15 + -18 + 2?
1
Calculate 3 + (13 - (3 + 1 - (22 - 19))).
15
Evaluate -20 - (23 - (4 - -50)).
11
Calculate -2 + -1 - ((-2 - 5) + 6 - 2).
0
Calculate 12 + -32 + 9 + -3.
-14
What is 6 - (1 + 10) - (1 - 2)?
-4
Calculate 83 + -67 + (2 - 14).
4
What is 9 + 0 + (-116 - -84) - (2 + -3)?
-22
What is (3 - ((15 - 10) + -9)) + 3?
10
Evaluate -24 + 15 + (-6 - -5) + -3.
-13
(0 - 1) + 74 + -88 + 3
-12
What is the value of 8 - 6 - (-2 + (9 - -6) + -2)?
-9
Evaluate 9 + 21 + -20 + -45.
-35
Calculate 6 + (-41 - -31 - (-1 + -7)) - 9.
-5
What is -190 + 167 - (3 + -41)?
15
What is the value of 21 + 4 + -3 + -32?
-10
(-108 - -112) + (-1 - (-2 + 0))
5
What is (8 - (-2 - (-2 + -24))) + 11?
-5
What is 2 - ((5 + -1 - 6) + -2)?
6
Evaluate 10 - ((-14 - -5) + 1 + 6 + 8).
4
Evaluate -7 + -45 + 40 + (2 - -3).
-7
What is (5 - 1 - (-253 - -261)) + 12?
8
Evaluate (7 - -1) + (-14 - -22) - (-2 + 4).
14
What is 18 + (21 - 25 - 8)?
6
Evaluate (-7 - (18 - -5 - 11)) + -1.
-20
What is the value of -6 + (-19 - 4) - -32?
3
-29 + (16 - 14) + 15
-12
Evaluate -14 + (17 - (11 + -1)).
-7
37 - ((-66 - -65) + (10 - 2 - -2))
28
(-13 - (32 - 35)) + -13
-23
Evaluate -22 + (-19 - (-14 + -16)).
-11
Evaluate (6 - 1) + 1 - (250 - 239).
-5
Evaluate (4 - 6) + -2 - (10 + -3).
-11
-193 - -195 - (1 + 0 - 2 - 3)
6
What is the value of 6 + 1 + 3 + -12 + 4 + -13?
-11
What is -16 - -6 - (-11 - -10)?
-9
What is the value of 10 + 1 + (-3 + 0 - -9)?
17
Calculate (0 + 11 - (12 + -20 + 14)) + 13.
18
What is the value of 0 - -2 - (9 + -20 + (-2 - -1))?
14
What is (-17 + 29 - 14) + -3?
-5
Calculate -5 - 5 - (33 + -33 + -15 + 2).
3
-34 - (-28 + (19 - 19))
-6
Calculate 1 + (11 - 50) + -4 + 15.
-27
What is the value of 0 - 1 - -16 - (-15 - (-15 - 4))?
11
What is -5 + (37 - (21 + 1))?
10
-16 + -14 + 27 + 1 + -2
-4
-31 + 18 + -6 - -26
7
What is 28 + (-6 - (1 - ((-8 - -6) + 3)))?
22
What is the value of 4 + (-7 - (-25 - -9))?
13
Evaluate 2 - ((0 - -2 - 8) + 58 + -53).
3
What is the value of (5 - -6 - 23) + 29?
17
What is the value of (3 - -1) + (6 - 34)?
-24
What is the value of -117 + 124 + (3 + -5 - 7)?
-2
38 - (1 + 4 + 5 - -4)
24
What is -8 - (8 - (14 + (7 - 10)))?
-5
-11 + (-16 - 1) + 21
-7
Evaluate -2 + -6 + -1 + 5.
-4
Calculate (164 - 180) + (17 - 2).
-1
What is 15 - (-9 + 23 + 2 + 1)?
-2
Calculate 6 + (-4 + 0 - (-12 - -2)).
12
Evaluate -46 + (31 - -3) - 24.
-36
Evaluate 10 + -17 + -5 + 4 - (-3 - 1).
-4
Evaluate -6 - -17 - 2 - (-53 + 38).
24
Calculate 13 + -2 + 3 + 3 + 0 + -4.
13
What is 11 - 88 - -37 - -47?
7
What is (-8 - 11) + 29 - -2?
12
What is the value of 18 + -1 + 21 + -54 + 13?
-3
What is the value of -21 + (-12 - -73) + -11?
29
What is (-13 - 1) + (-88 - -63) + 17?
-22
What is (-12 - -23 - 17) + 1?
-5
What is the value of -10 - (-4 + -19 - (5 - 4))?
14
Calculate (23 + -16 - 12) + -21.
-26
What is the value of (37 - 74) + 12 + -3?
-28
Evaluate (-9 + -2 - (-45 - -55)) + 9 - 16.
-28
Evaluate 12 + 11 + -19 - 2 - -10.
12
(-69 + 67 - (-6 + 1)) + (4 - 7)
0
Evaluate (-1 - -13) + (-40 - -33 - (0 - 0)).
5
What is the value of (-96 - -107) + (-2 - 2)?
7
What is -16 - -46 - 21 - 9?
0
Evaluate (4 - -1) + -3 - (63 + -64) - 22.
-19
Calculate 6 - (-24 + (-11 - -24)).
17
(-34 + 17 - -93) + -40
36
29 + (1 - 15) + (6 - -4)
25
What is -775 + 768 - ((-2 - -7) + 2)?
-14
What is the value of 40 + -44 + (-1 - -5 - 2) + 0?
-2
Calculate -17 + (-1 - 3) + 8.
-13
What is 183 - 181 - (17 + (-2 + 1 - 3))?
-11
Evaluate -17 + 35 + -21 + 4 + 4.
5
What is the value of -2 + -9 + 33 - (19 + -17)?
20
Calculate 2 + -8 - (18 + -36).
12
What is -27 + -28 + 64 + -6?
3
Calculate -24 - -9 - (-8 + -8).
1
Evaluate (6 + 1 - -1) + (-86 - -118 - 38).
2
-279 + 267 + (24 - 0)
12
What is the value of 26 - 56 - -27 - 11?
-14
What is -15 + (10 - 3) + 0 + -4?
-12
6 - (-17 + -25 + -6 + 19)
35
20 - (-8 + (16 - (9 - -11)))
32
Calculate 0 + 8 + 3 - (8 + -2 - 0).
5
What is 13 - (-11 + 4 + 7 + -1)?
14
What is the value of (-30 - -17) + 36 - (-2 + 9)?
16
What is 20 - (42 + -26 + 10)?
-6
Evaluate -3 + 16 + (-2 - 5) - -2.
8
Calculate (2 - (-1 - -24)) + -6 + 10 + -5.
-22
Calculate 3 - (4 + -1 - 6) - (11 - 14).
9
Calculate (-12 - (-3 + -3)) + -1 + 4.
-3
What is 19 + -97 - -70 - (0 + (1 - 36))?
27
Evaluate 31 + -14 - (27 + -3).
-7
Evaluate (-30 + -3 - (-65 + 43)) + -5 + -1.
-17
Calculate 11 - 4 - 1 - (4 - 12).
14
What is 10 + -11 + 18 - 19?
-2
What is the value of (108 - 100) + -11 + 1?
-2
What is -24 - (1 + -12) - (-1 - 11)?
-1
What is (17 - 20) + (11 - 33)?
-25
What is the value of (-17 - (0 - 10)) + -2 + 12?
3
Calculate -23 + 13 + -1 + -10 + 1.
-20
What is the value of 0 + -1 - -8 - (2 + 6)?
-1
-49 + 44 - (-26 + 2 + -2 + 3)
18
What is 2 + 7 - (18 + -14 - 4)?
9
Evaluate -10 - (-27 + 8 - 1) - -9.
19
Evaluate -26 + 17 + 12 + -20.
-17
24 - 37 - (-1 + -17)
5
What is -1 - (25 - 22 - (1 - 10))?
-13
What is 4 + -4 + 3 + -1 - (-58 + 67)?
-7
-1 + 5 - (15 - 19 - 3)
11
Calculate -5 + -1 + (4 + -15 - -1).
-16
Evaluate (4 - -30 - 47) + 22 + 1.
10
What is the value of (-6 - -3) + 4 + 3 + -4 + 3?
3
-22 + (26 - (-15 + -4))
23
What is 18 - 13 - 10 - 5?
-10
Evaluate (-129 - -142) + (-32 - 1) - -15.
-5
-8 + -10 + 14 + 17 - 7
6
Calculate -5 + 3 + (-9 + 18 + 0 - 18).
-11
-3 - (4 - (11 + -13 - 8))
-17
What is the value of -1 - (1 - (-1 - -5 - (8 + -9)))?
3
9 + -21 + 17 + 6
11
What is the value of -3 + (5 - (2 + -6)) - 18?
-12
What is the value of 44 + -22 + 16 + -20?
18
35 + -1 + (-762 - -755)
27
Calculate (0 - -8) + (51 - 51).
8
Evaluate 0 + 20 - (516 - 496).
0
Calculate -3 + 26 + -6 + -16.
1
What is the value of -18 + 11 + 11 - (1 + -4)?
7
What is the value of 27 + -20 + 8 + -20?
-5
Evaluate -10 - -25 - 34 - 2.
-21
Evaluate (-3 - 8) + 5 - (6 + -6 + -16).
10
What is -2 + -5 + 0 + 6 - 6?
-7
4 - -7 - (4 + 9 - 25)
23
Evaluate -4 - (5 + -5) - (19 + -14).
-9
Calculate (-6 - 0) + (-26 + 14 - -12) - 1.
-7
-14 + (3 - -7) - -18
14
Calculate 14 - 14 - -5 - (2 - -1).
2
Evaluate (-5 - -3) + -12 + 1 + 2 - -33.
22
Evaluate (25 - (-21 + 42)) + 16.
20
What is 11 + -2 - ((4 - 24 - -5) + 31)?
-7
(10 - 2) + (-18 + 0 + -7 - -3)
-14
10 + (20 - (2 + 14))
14
Evaluate 1 + 17 + 5 + -7 + (-3 - 1).
12
Calculate (-8 - (-1 + -5)) + -2 + -8.
-12
5091 - 5095 - (-39 + (3 - 1))
33
What is the value of 1 - -1 - (-1 + 12 + -11) - -6?
8
Calculate (10 - 5) + -12 + -31 + 52.
14
Evaluate (-12 - -24) + -9 + 0 + -10 + -1.
-8
Calculate 4 + (30 - (3 + 54)).
-23
3 + (-2 - 14 - -2)
-11
Evaluate 3 + -31 + -7 + 3 - -11.
-21
Evaluate (-7 - 2) + 7 + 0 + 6.
4
What is 1 + 0 + -23 + 34 + 3?
15
What is 25 + (0 + 9 - (-11 - -19)) + -3?
23
What is 8 + (-5 - -5) + 30 - 8 - 6?
24
Evaluate -4 + (3 - 6 - -1 - 2).
-8
Evaluate 28 - (12 + 5) - (-5 + -4).
20
What is -4 - (-31 + 36 - (-4 + 2 - 1))?
-12
What is 0 + -13 - (-68 + 54)?
1
What is 10 + (-16 - -14 - 11)?
-3
0 + 1 + (1 - 8) - 0 - -16
10
Evaluate 6 + 3 + (-6 + 5 - 8).
0
What is the value of (19 - (24 - 5)) + 1 + -7?
-6
Calculate (-7 - -5 - 8) + 19.
9
What is -18 + (6 - (-10 - -2)) + -7?
-11
(-5 - -2) + 13 + 8 + -6
12
122 + -121 - (-1 - -6) - (-19 - 2)
17
Evaluate -31 - ((15 - 14) + -21).
-11
What is the value of 771 + -777 + 1 + -3 + 7?
-1
16 + (6 - (11 + -4)) - -2
17
Calculate 0 + (8 - 2) + -3 + 7.
10
Calculate -11 + (-2 - (-9 + -9 + 4)).
1
Calculate (-13 - -2) + 1 + -120 + 134.
4
What is the value of -23 + (-21 - -14 - -8)?
-22
7 + -49 + 8 - -42
8
(-62 - -45) + (11 - 5)
-11
Evaluate (21 - 9) + -1 + (-1 - 0) + 5.
15
102 + -91 + -8 + 0 + -3 - 3
-3
Calculate 0 + 5 + (-8 - -8) + -3.
2
What is 16 + -9 + 2 + -9 + -6 + 19?
13
Calculate (1 - -22) + (-74 - -33).
-18
9 - (-54 - -48 - (1 + 1))
17
Evaluate -46